{"id":1050,"date":"2018-12-10T15:21:51","date_gmt":"2018-12-10T15:21:51","guid":{"rendered":"https:\/\/www.centrocongressosalgarve.com\/?page_id=1050"},"modified":"2023-06-05T16:14:08","modified_gmt":"2023-06-05T16:14:08","slug":"eventos-de-moda","status":"publish","type":"page","link":"https:\/\/mail.centrocongressosalgarve.com\/pt-pt\/eventos-sociais\/eventos-de-moda\/","title":{"rendered":"Eventos de Moda"},"content":{"rendered":"\n<h2 class=\"wp-block-heading\">Um espa\u00e7o ideal para organiza\u00e7\u00e3o de Eventos de Moda&nbsp;<\/h2>\n\n\n\n<p>De arquitetura contempor\u00e2nea e zonas interiores e exteriores personaliz\u00e1veis \u00e0 medida de cada evento, o Centro de Congressos do Algarve \u00e9 um dos espa\u00e7os por excel\u00eancia no Algarve para a realiza\u00e7\u00e3o de eventos de moda. Entre as v\u00e1rias op\u00e7\u00f5es dispon\u00edveis destacam-se o Rooftop de 2.656 m\u00b2 e vistas panor\u00e2micas e as Salas F\u00e9nix com 10m de p\u00e9 direito e possibilidade de suspens\u00e3o de estruturas.<\/p>\n","protected":false},"excerpt":{"rendered":"<p>Um espa\u00e7o ideal para organiza\u00e7\u00e3o de Eventos de Moda&nbsp; De arquitetura contempor\u00e2nea e zonas interiores e exteriores personaliz\u00e1veis \u00e0 medida de cada evento, o Centro de Congressos do Algarve \u00e9 um dos espa\u00e7os por excel\u00eancia no Algarve para a realiza\u00e7\u00e3o de eventos de moda. Entre as v\u00e1rias op\u00e7\u00f5es dispon\u00edveis destacam-se o Rooftop de 2.656 m\u00b2 [&hellip;]<\/p>\n","protected":false},"author":2,"featured_media":1703,"parent":1025,"menu_order":0,"comment_status":"closed","ping_status":"closed","template":"templates\/social-events-child.php","meta":{"_acf_changed":false,"om_disable_all_campaigns":false,"inline_featured_image":false,"footnotes":""},"class_list":["post-1050","page","type-page","status-publish","has-post-thumbnail","hentry","page-entry"],"acf":[],"aioseo_notices":[],"_links":{"self":[{"href":"https:\/\/mail.centrocongressosalgarve.com\/pt-pt\/wp-json\/wp\/v2\/pages\/1050","targetHints":{"allow":["GET"]}}],"collection":[{"href":"https:\/\/mail.centrocongressosalgarve.com\/pt-pt\/wp-json\/wp\/v2\/pages"}],"about":[{"href":"https:\/\/mail.centrocongressosalgarve.com\/pt-pt\/wp-json\/wp\/v2\/types\/page"}],"author":[{"embeddable":true,"href":"https:\/\/mail.centrocongressosalgarve.com\/pt-pt\/wp-json\/wp\/v2\/users\/2"}],"replies":[{"embeddable":true,"href":"https:\/\/mail.centrocongressosalgarve.com\/pt-pt\/wp-json\/wp\/v2\/comments?post=1050"}],"version-history":[{"count":5,"href":"https:\/\/mail.centrocongressosalgarve.com\/pt-pt\/wp-json\/wp\/v2\/pages\/1050\/revisions"}],"predecessor-version":[{"id":4231,"href":"https:\/\/mail.centrocongressosalgarve.com\/pt-pt\/wp-json\/wp\/v2\/pages\/1050\/revisions\/4231"}],"up":[{"embeddable":true,"href":"https:\/\/mail.centrocongressosalgarve.com\/pt-pt\/wp-json\/wp\/v2\/pages\/1025"}],"wp:featuredmedia":[{"embeddable":true,"href":"https:\/\/mail.centrocongressosalgarve.com\/pt-pt\/wp-json\/wp\/v2\/media\/1703"}],"wp:attachment":[{"href":"https:\/\/mail.centrocongressosalgarve.com\/pt-pt\/wp-json\/wp\/v2\/media?parent=1050"}],"curies":[{"name":"wp","href":"https:\/\/api.w.org\/{rel}","templated":true}]}}

<h2 class="wp-block-heading">Um espaço ideal para organização de Eventos de Moda&nbsp;</h2>



<p>De arquitetura contemporânea e zonas interiores e exteriores personalizáveis à medida de cada evento, o Centro de Congressos do Algarve é um dos espaços por excelência no Algarve para a realização de eventos de moda. Entre as várias opções disponíveis destacam-se o Rooftop de 2.656 m² e vistas panorâmicas e as Salas Fénix com 10m de pé direito e possibilidade de suspensão de estruturas.</p>

<p>Um espaço ideal para organização de Eventos de Moda&nbsp; De arquitetura contemporânea e zonas interiores e exteriores personalizáveis à medida de cada evento, o Centro de Congressos do Algarve é um dos espaços por excelência no Algarve para a realização de eventos de moda. Entre as várias opções disponíveis destacam-se o Rooftop de 2.656 m² [&hellip;]</p>
