{"id":2167,"date":"2018-12-10T12:39:54","date_gmt":"2018-12-10T12:39:54","guid":{"rendered":"https:\/\/www.centrocongressosalgarve.com\/homepage\/"},"modified":"2025-04-08T17:03:51","modified_gmt":"2025-04-08T17:03:51","slug":"homepage","status":"publish","type":"page","link":"https:\/\/mail.centrocongressosalgarve.com\/fr\/","title":{"rendered":"Accueil"},"content":{"rendered":"\n<h1 class=\"wp-block-heading\">Centre de Congr\u00e8s d\u2019Algarve<\/h1>\n\n\n\n<p>Des installations modernes, des am\u00e9nagements adaptables et une technologie de pointe permettent de recevoir des groupes de toutes tailles, en b\u00e9n\u00e9ficiant de la compl\u00e9mentarit\u00e9 des services propos\u00e9s par le Tivoli Marina Vilamoura, en termes de restaurants, piscines, Spa, gymnase, concession \u00e0 la plage de Vilamoura, Purobeach Vilamoura, entre autres.<\/p>\n\n\n\n<p>Aux conditions favorables pour la r\u00e9alisation de conf\u00e9rences, de r\u00e9unions et d\u2019\u00e9v\u00e8nements, ajoutez une bonne dose d\u2019aventure et de d\u00e9tente gr\u00e2ce aux nombreuses solutions et opportunit\u00e9s que la r\u00e9gion a \u00e0 offrir.<\/p>\n\n\n\n<div style=\"height:40px\" aria-hidden=\"true\" class=\"wp-block-spacer\"><\/div>\n\n\n\n<figure class=\"wp-block-embed is-type-video is-provider-youtube wp-block-embed-youtube wp-embed-aspect-16-9 wp-has-aspect-ratio\"><div class=\"wp-block-embed__wrapper\">\n<div class=\"youtube embed-container not-loaded is-type-video youtube\"><div class=\"video-placeholder\" style=\"background-image: url(https:\/\/img.youtube.com\/vi\/lpb1451sBIU\/maxresdefault.jpg);\"><\/div><div class=\"iframe youtube-video\" title=\"Centro de Congressos do Algarve | Video Oficial | Legendado em EN\" data-iframe-src=\"lpb1451sBIU\" data-iframe-origin=\"https:\/\/mail.centrocongressosalgarve.com\/fr\/\" data-iframe-start=\"0\"><noscript><iframe loading=\"lazy\" class=\"youtube-video\" title=\"Youtube video\" width=\"640\" height=\"360\" src=\"https:\/\/www.youtube.com\/embed\/lpb1451sBIU?modestbranding=1&#038;showinfo=0&#038;rel=0&#038;enablejsapi=1&#038;origin=https:\/\/mail.centrocongressosalgarve.com\/fr\/\" webkitallowfullscreen mozallowfullscreen allowfullscreen> <\/iframe><\/noscript><\/div><\/div>\n<\/div><\/figure>\n\n\n\n<div style=\"height:30px\" aria-hidden=\"true\" class=\"wp-block-spacer\"><\/div>\n\n\n\n<div class=\"wp-block-buttons is-layout-flex wp-block-buttons-is-layout-flex\">\n<div class=\"wp-block-button is-style-outline is-style-outline--1\"><a class=\"wp-block-button__link has-dark-blue-color has-text-color wp-element-button\" href=\"https:\/\/centrocongressosalgarve.com\/fr\/o-centro\/\">Conna\u00eetre le Centre de Congr\u00e8s<\/a><\/div>\n<\/div>\n","protected":false},"excerpt":{"rendered":"<p>Centre de Congr\u00e8s d\u2019Algarve Des installations modernes, des am\u00e9nagements adaptables et une technologie de pointe permettent de recevoir des groupes de toutes tailles, en b\u00e9n\u00e9ficiant de la compl\u00e9mentarit\u00e9 des services propos\u00e9s par le Tivoli Marina Vilamoura, en termes de restaurants, piscines, Spa, gymnase, concession \u00e0 la plage de Vilamoura, Purobeach Vilamoura, entre autres. Aux conditions [&hellip;]<\/p>\n","protected":false},"author":2,"featured_media":0,"parent":0,"menu_order":0,"comment_status":"closed","ping_status":"closed","template":"templates\/homepage.php","meta":{"_acf_changed":false,"om_disable_all_campaigns":false,"inline_featured_image":false,"footnotes":""},"class_list":["post-2167","page","type-page","status-publish","hentry","page-entry"],"acf":[],"aioseo_notices":[],"_links":{"self":[{"href":"https:\/\/mail.centrocongressosalgarve.com\/fr\/wp-json\/wp\/v2\/pages\/2167","targetHints":{"allow":["GET"]}}],"collection":[{"href":"https:\/\/mail.centrocongressosalgarve.com\/fr\/wp-json\/wp\/v2\/pages"}],"about":[{"href":"https:\/\/mail.centrocongressosalgarve.com\/fr\/wp-json\/wp\/v2\/types\/page"}],"author":[{"embeddable":true,"href":"https:\/\/mail.centrocongressosalgarve.com\/fr\/wp-json\/wp\/v2\/users\/2"}],"replies":[{"embeddable":true,"href":"https:\/\/mail.centrocongressosalgarve.com\/fr\/wp-json\/wp\/v2\/comments?post=2167"}],"version-history":[{"count":5,"href":"https:\/\/mail.centrocongressosalgarve.com\/fr\/wp-json\/wp\/v2\/pages\/2167\/revisions"}],"predecessor-version":[{"id":4581,"href":"https:\/\/mail.centrocongressosalgarve.com\/fr\/wp-json\/wp\/v2\/pages\/2167\/revisions\/4581"}],"wp:attachment":[{"href":"https:\/\/mail.centrocongressosalgarve.com\/fr\/wp-json\/wp\/v2\/media?parent=2167"}],"curies":[{"name":"wp","href":"https:\/\/api.w.org\/{rel}","templated":true}]}}

<h1 class="wp-block-heading">Centre de Congrès d’Algarve</h1>



<p>Des installations modernes, des aménagements adaptables et une technologie de pointe permettent de recevoir des groupes de toutes tailles, en bénéficiant de la complémentarité des services proposés par le Tivoli Marina Vilamoura, en termes de restaurants, piscines, Spa, gymnase, concession à la plage de Vilamoura, Purobeach Vilamoura, entre autres.</p>



<p>Aux conditions favorables pour la réalisation de conférences, de réunions et d’évènements, ajoutez une bonne dose d’aventure et de détente grâce aux nombreuses solutions et opportunités que la région a à offrir.</p>



<div style="height:40px" aria-hidden="true" class="wp-block-spacer"></div>



<figure class="wp-block-embed is-type-video is-provider-youtube wp-block-embed-youtube wp-embed-aspect-16-9 wp-has-aspect-ratio"><div class="wp-block-embed__wrapper">
<div class="youtube embed-container not-loaded is-type-video youtube"><div class="video-placeholder" style="background-image: url(https://img.youtube.com/vi/lpb1451sBIU/maxresdefault.jpg);"></div><div class="iframe youtube-video" title="Centro de Congressos do Algarve | Video Oficial | Legendado em EN" data-iframe-src="lpb1451sBIU" data-iframe-origin="https://mail.centrocongressosalgarve.com/fr/" data-iframe-start="0"><noscript><iframe loading="lazy" class="youtube-video" title="Youtube video" width="640" height="360" src="https://www.youtube.com/embed/lpb1451sBIU?modestbranding=1&#038;showinfo=0&#038;rel=0&#038;enablejsapi=1&#038;origin=https://mail.centrocongressosalgarve.com/fr/" webkitallowfullscreen mozallowfullscreen allowfullscreen> </iframe></noscript></div></div>
</div></figure>



<div style="height:30px" aria-hidden="true" class="wp-block-spacer"></div>



<div class="wp-block-buttons is-layout-flex wp-block-buttons-is-layout-flex">
<div class="wp-block-button is-style-outline is-style-outline--1"><a class="wp-block-button__link has-dark-blue-color has-text-color wp-element-button" href="https://centrocongressosalgarve.com/fr/o-centro/">Connaître le Centre de Congrès</a></div>
</div>

<p>Centre de Congrès d’Algarve Des installations modernes, des aménagements adaptables et une technologie de pointe permettent de recevoir des groupes de toutes tailles, en bénéficiant de la complémentarité des services proposés par le Tivoli Marina Vilamoura, en termes de restaurants, piscines, Spa, gymnase, concession à la plage de Vilamoura, Purobeach Vilamoura, entre autres. Aux conditions [&hellip;]</p>
