{"id":2088,"date":"2018-12-10T15:27:35","date_gmt":"2018-12-10T15:27:35","guid":{"rendered":"https:\/\/www.centrocongressosalgarve.com\/eventos-desportivos\/"},"modified":"2019-03-13T12:48:11","modified_gmt":"2019-03-13T12:48:11","slug":"eventos-desportivos","status":"publish","type":"page","link":"https:\/\/mail.centrocongressosalgarve.com\/es\/eventos-sociais\/eventos-desportivos\/","title":{"rendered":"Eventos Deportivos"},"content":{"rendered":"\n<p>La combinaci\u00f3n perfecta de espacios interiores y exteriores y las amplias salas del Centro de Congresos del Algarve permiten celebrar eventos deportivos de diversas modalidades, con especial destaque de las celebradas en los espacios interiores.&nbsp; Las condiciones t\u00e9cnicas de sonido, iluminaci\u00f3n y seguridad disponibles en todos los espacios aseguran la calidad necesaria para eventos deportivos de \u00e9xito.<\/p>\n\n\n\n<p> La Sala F\u00e9nix y la azotea son suficientemente grandes como para alojar una pista de tenis o de f\u00fatbol sala de dimensiones reglamentarias y su respectivo grader\u00edo, mientras que las salas Pegaso y Neptuno son aptas para eventos con necesidades de espacios de menores dimensiones de manera simult\u00e1nea. <\/p>\n","protected":false},"excerpt":{"rendered":"<p>La combinaci\u00f3n perfecta de espacios interiores y exteriores y las amplias salas del Centro de Congresos del Algarve permiten celebrar eventos deportivos de diversas modalidades, con especial destaque de las celebradas en los espacios interiores.&nbsp; Las condiciones t\u00e9cnicas de sonido, iluminaci\u00f3n y seguridad disponibles en todos los espacios aseguran la calidad necesaria para eventos deportivos [&hellip;]<\/p>\n","protected":false},"author":2,"featured_media":1712,"parent":2102,"menu_order":0,"comment_status":"closed","ping_status":"closed","template":"templates\/social-events-child.php","meta":{"_acf_changed":false,"om_disable_all_campaigns":false,"inline_featured_image":false,"footnotes":""},"class_list":["post-2088","page","type-page","status-publish","has-post-thumbnail","hentry","page-entry"],"acf":[],"aioseo_notices":[],"_links":{"self":[{"href":"https:\/\/mail.centrocongressosalgarve.com\/es\/wp-json\/wp\/v2\/pages\/2088","targetHints":{"allow":["GET"]}}],"collection":[{"href":"https:\/\/mail.centrocongressosalgarve.com\/es\/wp-json\/wp\/v2\/pages"}],"about":[{"href":"https:\/\/mail.centrocongressosalgarve.com\/es\/wp-json\/wp\/v2\/types\/page"}],"author":[{"embeddable":true,"href":"https:\/\/mail.centrocongressosalgarve.com\/es\/wp-json\/wp\/v2\/users\/2"}],"replies":[{"embeddable":true,"href":"https:\/\/mail.centrocongressosalgarve.com\/es\/wp-json\/wp\/v2\/comments?post=2088"}],"version-history":[{"count":5,"href":"https:\/\/mail.centrocongressosalgarve.com\/es\/wp-json\/wp\/v2\/pages\/2088\/revisions"}],"predecessor-version":[{"id":2463,"href":"https:\/\/mail.centrocongressosalgarve.com\/es\/wp-json\/wp\/v2\/pages\/2088\/revisions\/2463"}],"up":[{"embeddable":true,"href":"https:\/\/mail.centrocongressosalgarve.com\/es\/wp-json\/wp\/v2\/pages\/2102"}],"wp:featuredmedia":[{"embeddable":true,"href":"https:\/\/mail.centrocongressosalgarve.com\/es\/wp-json\/wp\/v2\/media\/1712"}],"wp:attachment":[{"href":"https:\/\/mail.centrocongressosalgarve.com\/es\/wp-json\/wp\/v2\/media?parent=2088"}],"curies":[{"name":"wp","href":"https:\/\/api.w.org\/{rel}","templated":true}]}}

<p>La combinación perfecta de espacios interiores y exteriores y las amplias salas del Centro de Congresos del Algarve permiten celebrar eventos deportivos de diversas modalidades, con especial destaque de las celebradas en los espacios interiores.&nbsp; Las condiciones técnicas de sonido, iluminación y seguridad disponibles en todos los espacios aseguran la calidad necesaria para eventos deportivos de éxito.</p>



<p> La Sala Fénix y la azotea son suficientemente grandes como para alojar una pista de tenis o de fútbol sala de dimensiones reglamentarias y su respectivo graderío, mientras que las salas Pegaso y Neptuno son aptas para eventos con necesidades de espacios de menores dimensiones de manera simultánea. </p>

<p>La combinación perfecta de espacios interiores y exteriores y las amplias salas del Centro de Congresos del Algarve permiten celebrar eventos deportivos de diversas modalidades, con especial destaque de las celebradas en los espacios interiores.&nbsp; Las condiciones técnicas de sonido, iluminación y seguridad disponibles en todos los espacios aseguran la calidad necesaria para eventos deportivos [&hellip;]</p>
