{"id":2081,"date":"2018-12-10T15:29:03","date_gmt":"2018-12-10T15:29:03","guid":{"rendered":"https:\/\/www.centrocongressosalgarve.com\/exposicoes\/"},"modified":"2019-03-13T12:48:42","modified_gmt":"2019-03-13T12:48:42","slug":"exposicoes","status":"publish","type":"page","link":"https:\/\/mail.centrocongressosalgarve.com\/es\/eventos-sociais\/exposicoes\/","title":{"rendered":"Exposiciones"},"content":{"rendered":"\n<p> La arquitectura y los colores neutros del Centro de Congresos del Algarve, complementados con la luz natura, los techos y las zonas amplias, constituyen el lienzo perfecto para celebrar todo tipo de exposiciones o instalaciones art\u00edsticas. Uno de los espacios por excelencia para la celebraci\u00f3n de exposiciones son los vest\u00edbulos de los pisos 0 y 1, donde se pueden recrear distintos ambientes de una forma sencilla y se pueden diferenciar por zonas o pisos. <\/p>\n","protected":false},"excerpt":{"rendered":"<p>La arquitectura y los colores neutros del Centro de Congresos del Algarve, complementados con la luz natura, los techos y las zonas amplias, constituyen el lienzo perfecto para celebrar todo tipo de exposiciones o instalaciones art\u00edsticas. Uno de los espacios por excelencia para la celebraci\u00f3n de exposiciones son los vest\u00edbulos de los pisos 0 y [&hellip;]<\/p>\n","protected":false},"author":2,"featured_media":1731,"parent":2102,"menu_order":0,"comment_status":"closed","ping_status":"closed","template":"templates\/social-events-child.php","meta":{"_acf_changed":false,"om_disable_all_campaigns":false,"inline_featured_image":false,"footnotes":""},"class_list":["post-2081","page","type-page","status-publish","has-post-thumbnail","hentry","page-entry"],"acf":[],"aioseo_notices":[],"_links":{"self":[{"href":"https:\/\/mail.centrocongressosalgarve.com\/es\/wp-json\/wp\/v2\/pages\/2081","targetHints":{"allow":["GET"]}}],"collection":[{"href":"https:\/\/mail.centrocongressosalgarve.com\/es\/wp-json\/wp\/v2\/pages"}],"about":[{"href":"https:\/\/mail.centrocongressosalgarve.com\/es\/wp-json\/wp\/v2\/types\/page"}],"author":[{"embeddable":true,"href":"https:\/\/mail.centrocongressosalgarve.com\/es\/wp-json\/wp\/v2\/users\/2"}],"replies":[{"embeddable":true,"href":"https:\/\/mail.centrocongressosalgarve.com\/es\/wp-json\/wp\/v2\/comments?post=2081"}],"version-history":[{"count":5,"href":"https:\/\/mail.centrocongressosalgarve.com\/es\/wp-json\/wp\/v2\/pages\/2081\/revisions"}],"predecessor-version":[{"id":2465,"href":"https:\/\/mail.centrocongressosalgarve.com\/es\/wp-json\/wp\/v2\/pages\/2081\/revisions\/2465"}],"up":[{"embeddable":true,"href":"https:\/\/mail.centrocongressosalgarve.com\/es\/wp-json\/wp\/v2\/pages\/2102"}],"wp:featuredmedia":[{"embeddable":true,"href":"https:\/\/mail.centrocongressosalgarve.com\/es\/wp-json\/wp\/v2\/media\/1731"}],"wp:attachment":[{"href":"https:\/\/mail.centrocongressosalgarve.com\/es\/wp-json\/wp\/v2\/media?parent=2081"}],"curies":[{"name":"wp","href":"https:\/\/api.w.org\/{rel}","templated":true}]}}

<p> La arquitectura y los colores neutros del Centro de Congresos del Algarve, complementados con la luz natura, los techos y las zonas amplias, constituyen el lienzo perfecto para celebrar todo tipo de exposiciones o instalaciones artísticas. Uno de los espacios por excelencia para la celebración de exposiciones son los vestíbulos de los pisos 0 y 1, donde se pueden recrear distintos ambientes de una forma sencilla y se pueden diferenciar por zonas o pisos. </p>

<p>La arquitectura y los colores neutros del Centro de Congresos del Algarve, complementados con la luz natura, los techos y las zonas amplias, constituyen el lienzo perfecto para celebrar todo tipo de exposiciones o instalaciones artísticas. Uno de los espacios por excelencia para la celebración de exposiciones son los vestíbulos de los pisos 0 y [&hellip;]</p>
