{"id":2074,"date":"2018-12-10T15:30:44","date_gmt":"2018-12-10T15:30:44","guid":{"rendered":"https:\/\/www.centrocongressosalgarve.com\/ativacoes-de-marca-e-lancamento-de-produto\/"},"modified":"2019-03-13T12:46:43","modified_gmt":"2019-03-13T12:46:43","slug":"ativacoes-de-marca-e-lancamento-de-produto","status":"publish","type":"page","link":"https:\/\/mail.centrocongressosalgarve.com\/es\/eventos-sociais\/ativacoes-de-marca-e-lancamento-de-produto\/","title":{"rendered":"Activaciones de Marca y Lanzamiento de Productos"},"content":{"rendered":"\n<p> Con 22 salas de reuniones modulares y multifuncionales y vest\u00edbulos auxiliares, el Centro de Congresos del Algarve re\u00fane las condiciones ideales para la celebraci\u00f3n de activaciones de marca y presentaciones de producto, los cuales podr\u00e1n complementarse con diversos servicios de catering, restauraci\u00f3n y experiencias locales a fin de conseguir que los eventos aqu\u00ed celebrados sean memorables. Las condiciones t\u00e9cnicas y tecnol\u00f3gicas del espacio &#8211; desde los accesos a las redes, pasando por soluciones de suspensi\u00f3n &#8211; garantizan la base necesaria para la realizaci\u00f3n de los eventos y producciones m\u00e1s exigentes. <\/p>\n","protected":false},"excerpt":{"rendered":"<p>Con 22 salas de reuniones modulares y multifuncionales y vest\u00edbulos auxiliares, el Centro de Congresos del Algarve re\u00fane las condiciones ideales para la celebraci\u00f3n de activaciones de marca y presentaciones de producto, los cuales podr\u00e1n complementarse con diversos servicios de catering, restauraci\u00f3n y experiencias locales a fin de conseguir que los eventos aqu\u00ed celebrados sean [&hellip;]<\/p>\n","protected":false},"author":2,"featured_media":1724,"parent":2102,"menu_order":0,"comment_status":"closed","ping_status":"closed","template":"templates\/social-events-child.php","meta":{"_acf_changed":false,"om_disable_all_campaigns":false,"inline_featured_image":false,"footnotes":""},"class_list":["post-2074","page","type-page","status-publish","has-post-thumbnail","hentry","page-entry"],"acf":[],"aioseo_notices":[],"_links":{"self":[{"href":"https:\/\/mail.centrocongressosalgarve.com\/es\/wp-json\/wp\/v2\/pages\/2074","targetHints":{"allow":["GET"]}}],"collection":[{"href":"https:\/\/mail.centrocongressosalgarve.com\/es\/wp-json\/wp\/v2\/pages"}],"about":[{"href":"https:\/\/mail.centrocongressosalgarve.com\/es\/wp-json\/wp\/v2\/types\/page"}],"author":[{"embeddable":true,"href":"https:\/\/mail.centrocongressosalgarve.com\/es\/wp-json\/wp\/v2\/users\/2"}],"replies":[{"embeddable":true,"href":"https:\/\/mail.centrocongressosalgarve.com\/es\/wp-json\/wp\/v2\/comments?post=2074"}],"version-history":[{"count":5,"href":"https:\/\/mail.centrocongressosalgarve.com\/es\/wp-json\/wp\/v2\/pages\/2074\/revisions"}],"predecessor-version":[{"id":2458,"href":"https:\/\/mail.centrocongressosalgarve.com\/es\/wp-json\/wp\/v2\/pages\/2074\/revisions\/2458"}],"up":[{"embeddable":true,"href":"https:\/\/mail.centrocongressosalgarve.com\/es\/wp-json\/wp\/v2\/pages\/2102"}],"wp:featuredmedia":[{"embeddable":true,"href":"https:\/\/mail.centrocongressosalgarve.com\/es\/wp-json\/wp\/v2\/media\/1724"}],"wp:attachment":[{"href":"https:\/\/mail.centrocongressosalgarve.com\/es\/wp-json\/wp\/v2\/media?parent=2074"}],"curies":[{"name":"wp","href":"https:\/\/api.w.org\/{rel}","templated":true}]}}

<p> Con 22 salas de reuniones modulares y multifuncionales y vestíbulos auxiliares, el Centro de Congresos del Algarve reúne las condiciones ideales para la celebración de activaciones de marca y presentaciones de producto, los cuales podrán complementarse con diversos servicios de catering, restauración y experiencias locales a fin de conseguir que los eventos aquí celebrados sean memorables. Las condiciones técnicas y tecnológicas del espacio &#8211; desde los accesos a las redes, pasando por soluciones de suspensión &#8211; garantizan la base necesaria para la realización de los eventos y producciones más exigentes. </p>

<p>Con 22 salas de reuniones modulares y multifuncionales y vestíbulos auxiliares, el Centro de Congresos del Algarve reúne las condiciones ideales para la celebración de activaciones de marca y presentaciones de producto, los cuales podrán complementarse con diversos servicios de catering, restauración y experiencias locales a fin de conseguir que los eventos aquí celebrados sean [&hellip;]</p>
