{"id":3488,"date":"2022-12-15T15:01:04","date_gmt":"2022-12-15T15:01:04","guid":{"rendered":"https:\/\/www.centrocongressosalgarve.com\/?page_id=3488"},"modified":"2022-12-19T16:34:09","modified_gmt":"2022-12-19T16:34:09","slug":"vergangene-ereignisse","status":"publish","type":"page","link":"https:\/\/mail.centrocongressosalgarve.com\/de\/eventos-sociais\/vergangene-ereignisse\/","title":{"rendered":"Vergangene Ereignisse"},"content":{"rendered":"\n<h2 class=\"wp-block-heading\">Unserer Vorherigen Veranstaltungen Im R\u00fcckblick<\/h2>\n\n\n\n<h3 class=\"wp-block-heading\">Tivoli Marina Vilamoura 2022 Silvester-gala Im Kongresszentrum Der Algarve<\/h3>\n\n\n\n<p>Die besten Momente unseres unvergesslichen Silvesterabends am Meer, gefeiert im ger\u00e4umigen und einzigartigen F\u00e9nix-Saal des Kongresszentrums der Algarve in einem gastronomischen Marktformat, gefolgt von Live-Musik und einem beeindruckenden Feuerwerk von der Terrasse mit Meerblick.<\/p>\n\n\n\n<figure class=\"wp-block-embed is-type-video is-provider-youtube wp-block-embed-youtube wp-embed-aspect-16-9 wp-has-aspect-ratio\"><div class=\"wp-block-embed__wrapper\">\n<div class=\"youtube embed-container not-loaded is-type-video youtube\"><div class=\"video-placeholder\" style=\"background-image: url(https:\/\/img.youtube.com\/vi\/RRMhe6ZzIYg\/maxresdefault.jpg);\"><\/div><div class=\"iframe youtube-video\" title=\"2022 New Year\u2019s Eve at Tivoli Marina Vilamoura | Tivoli Hotels &amp; Resorts\" data-iframe-src=\"RRMhe6ZzIYg\" data-iframe-origin=\"https:\/\/mail.centrocongressosalgarve.com\/de\/\" data-iframe-start=\"0\"><noscript><iframe loading=\"lazy\" class=\"youtube-video\" title=\"Youtube video\" width=\"640\" height=\"360\" src=\"https:\/\/www.youtube.com\/embed\/RRMhe6ZzIYg?modestbranding=1&#038;showinfo=0&#038;rel=0&#038;enablejsapi=1&#038;origin=https:\/\/mail.centrocongressosalgarve.com\/de\/\" webkitallowfullscreen mozallowfullscreen allowfullscreen> <\/iframe><\/noscript><\/div><\/div>\n<\/div><\/figure>\n\n\n\n<div style=\"height:50px\" aria-hidden=\"true\" class=\"wp-block-spacer\"><\/div>\n\n\n\n<h3 class=\"wp-block-heading\"><strong>Resort &amp; Residential Hospitality Forum 2022<\/strong><\/h3>\n\n\n\n<p>Die besten Momente unseres unvergesslichen Silvesterabends am Meer, gefeiert im ger\u00e4umigen und einzigartigen F\u00e9nix-Saal des Kongresszentrums der Algarve in einem gastronomischen Marktformat, gefolgt von Live-Musik und einem beeindruckenden Feuerwerk von der Terrasse mit Meerblick.<\/p>\n\n\n\n<figure class=\"wp-block-embed is-type-video is-provider-youtube wp-block-embed-youtube wp-embed-aspect-16-9 wp-has-aspect-ratio\"><div class=\"wp-block-embed__wrapper\">\n<div class=\"youtube embed-container not-loaded is-type-video youtube\"><div class=\"video-placeholder\" style=\"background-image: url(https:\/\/img.youtube.com\/vi\/5VO_bjrBPx8\/maxresdefault.jpg);\"><\/div><div class=\"iframe youtube-video\" title=\"R&amp;R Event Promo for 2022\" data-iframe-src=\"5VO_bjrBPx8\" data-iframe-origin=\"https:\/\/mail.centrocongressosalgarve.com\/de\/\" data-iframe-start=\"0\"><noscript><iframe loading=\"lazy\" class=\"youtube-video\" title=\"Youtube video\" width=\"640\" height=\"360\" src=\"https:\/\/www.youtube.com\/embed\/5VO_bjrBPx8?modestbranding=1&#038;showinfo=0&#038;rel=0&#038;enablejsapi=1&#038;origin=https:\/\/mail.centrocongressosalgarve.com\/de\/\" webkitallowfullscreen mozallowfullscreen allowfullscreen> <\/iframe><\/noscript><\/div><\/div>\n<\/div><\/figure>\n\n\n\n<div style=\"height:50px\" aria-hidden=\"true\" class=\"wp-block-spacer\"><\/div>\n\n\n\n<h3 class=\"wp-block-heading\">Einrichtung Des Tagungssaals F\u00e9nix | R\u00fcckblick<\/h3>\n\n\n\n<p>Schritt f\u00fcr Schritt werden die Vorbereitungen f\u00fcr eine weitere denkw\u00fcrdige Veranstaltung in unserem F\u00e9nix-Saal getroffen.<\/p>\n\n\n\n<figure class=\"wp-block-embed is-type-video is-provider-youtube wp-block-embed-youtube wp-embed-aspect-16-9 wp-has-aspect-ratio\"><div class=\"wp-block-embed__wrapper\">\n<div class=\"youtube embed-container not-loaded is-type-video youtube\"><div class=\"video-placeholder\" style=\"background-image: url(https:\/\/img.youtube.com\/vi\/egVVoeL4OU0\/maxresdefault.jpg);\"><\/div><div class=\"iframe youtube-video\" title=\"F\u00c9NIX ROOM SET UP | Algarve Congress Centre\" data-iframe-src=\"egVVoeL4OU0\" data-iframe-origin=\"https:\/\/mail.centrocongressosalgarve.com\/de\/\" data-iframe-start=\"0\"><noscript><iframe loading=\"lazy\" class=\"youtube-video\" title=\"Youtube video\" width=\"640\" height=\"360\" src=\"https:\/\/www.youtube.com\/embed\/egVVoeL4OU0?modestbranding=1&#038;showinfo=0&#038;rel=0&#038;enablejsapi=1&#038;origin=https:\/\/mail.centrocongressosalgarve.com\/de\/\" webkitallowfullscreen mozallowfullscreen allowfullscreen> <\/iframe><\/noscript><\/div><\/div>\n<\/div><\/figure>\n\n\n\n<div style=\"height:50px\" aria-hidden=\"true\" class=\"wp-block-spacer\"><\/div>\n\n\n\n<h3 class=\"wp-block-heading\">Resort &amp; Residential Hospitality Forum 2021&nbsp;<\/h3>\n\n\n\n<p>Im Oktober 2021 waren wir Gastgeber der internationalen Konferenz Resort &amp; Residential Hospitality Forum, die Investoren und einflussreiche, f\u00fchrende Redner aus allen Bereichen der Immobilieninvestitionen, des Tourismus und des Gastgewerbes zusammenbrachte, die diese Veranstaltung zu einer einzigartigen, informativen und innovativen Bildungserfahrung f\u00fcr alle Teilnehmer machten. Es war eine fantastische M\u00f6glichkeit, gemeinsam zur\u00fcckzukehren.&nbsp;<\/p>\n\n\n\n<figure class=\"wp-block-embed is-type-video is-provider-vimeo wp-block-embed-vimeo wp-embed-aspect-16-9 wp-has-aspect-ratio\"><div class=\"wp-block-embed__wrapper\">\n<iframe loading=\"lazy\" title=\"R&amp;R 2021\" src=\"https:\/\/player.vimeo.com\/video\/639482791?h=79b713507e&amp;dnt=1&amp;app_id=122963\" width=\"640\" height=\"360\" frameborder=\"0\" allow=\"autoplay; fullscreen; picture-in-picture; clipboard-write\"><\/iframe>\n<\/div><\/figure>\n\n\n\n<div style=\"height:50px\" aria-hidden=\"true\" class=\"wp-block-spacer\"><\/div>\n\n\n\n<h3 class=\"wp-block-heading\">Auf Dem Dach Des Kongresszentrums Der Algarve &#8211; Live On The Bright Side&nbsp;<\/h3>\n\n\n\n<p>W\u00e4hrend der Pandemie schuf Tivoli Hotels &amp; Resorts die Veranstaltung Live On the Bright Side, eine Online-Sonnenuntergangsparty, bei der DJs und Bands direkt von den D\u00e4chern des Tivoli Carvoeiro und des Algarve Kongresszentrums gute Sommerstimmung verbreiteten.&nbsp;<\/p>\n\n\n\n<figure class=\"wp-block-embed is-type-video is-provider-youtube wp-block-embed-youtube wp-embed-aspect-16-9 wp-has-aspect-ratio\"><div class=\"wp-block-embed__wrapper\">\n<div class=\"youtube embed-container not-loaded is-type-video youtube\"><div class=\"video-placeholder\" style=\"background-image: url(https:\/\/img.youtube.com\/vi\/NeBx1_dZgGc\/maxresdefault.jpg);\"><\/div><div class=\"iframe youtube-video\" title=\"Live on the Bright Side | Tivoli Carvoeiro and Algarve Congress Centre Rooftops\" data-iframe-src=\"NeBx1_dZgGc\" data-iframe-origin=\"https:\/\/mail.centrocongressosalgarve.com\/de\/\" data-iframe-start=\"19\"><noscript><iframe loading=\"lazy\" class=\"youtube-video\" title=\"Youtube video\" width=\"640\" height=\"360\" src=\"https:\/\/www.youtube.com\/embed\/NeBx1_dZgGc?start=19&#038;modestbranding=1&#038;showinfo=0&#038;rel=0&#038;enablejsapi=1&#038;origin=https:\/\/mail.centrocongressosalgarve.com\/de\/\" webkitallowfullscreen mozallowfullscreen allowfullscreen> <\/iframe><\/noscript><\/div><\/div>\n<\/div><\/figure>\n\n\n\n<div style=\"height:50px\" aria-hidden=\"true\" class=\"wp-block-spacer\"><\/div>\n\n\n\n<h3 class=\"wp-block-heading\">Tivoli Marina Vilamoura 2019 Silvester-gala Im Kongresszentrum Der Algarve<\/h3>\n\n\n\n<p>Die funkelnden Lichter des Yachthafens und das Lebensgef\u00fchl am Meer gaben den Ton f\u00fcr einen au\u00dfergew\u00f6hnlichen Abend im Tivoli Marina Vilamoura an. Die Silvestergala 2019 war ein atemberaubendes Ereignis im unglaublichen Kongresszentrum der Algarve, mit einem aufregenden Konzert mit Jos\u00e9 Cid, k\u00f6stlichen Aromen und einem einzigartigen Blick auf den Atlantik und den ikonischen Yachthafen von Vilamoura.&nbsp;<\/p>\n\n\n\n<figure class=\"wp-block-embed is-type-video is-provider-youtube wp-block-embed-youtube wp-embed-aspect-16-9 wp-has-aspect-ratio\"><div class=\"wp-block-embed__wrapper\">\n<div class=\"youtube embed-container not-loaded is-type-video youtube\"><div class=\"video-placeholder\" style=\"background-image: url(https:\/\/img.youtube.com\/vi\/RwdxNZhrls4\/maxresdefault.jpg);\"><\/div><div class=\"iframe youtube-video\" title=\"2019 New Year\u2019s Eve Gala at Algarve Congress Centre\" data-iframe-src=\"RwdxNZhrls4\" data-iframe-origin=\"https:\/\/mail.centrocongressosalgarve.com\/de\/\" data-iframe-start=\"0\"><noscript><iframe loading=\"lazy\" class=\"youtube-video\" title=\"Youtube video\" width=\"640\" height=\"360\" src=\"https:\/\/www.youtube.com\/embed\/RwdxNZhrls4?modestbranding=1&#038;showinfo=0&#038;rel=0&#038;enablejsapi=1&#038;origin=https:\/\/mail.centrocongressosalgarve.com\/de\/\" webkitallowfullscreen mozallowfullscreen allowfullscreen> <\/iframe><\/noscript><\/div><\/div>\n<\/div><\/figure>\n\n\n\n<div style=\"height:50px\" aria-hidden=\"true\" class=\"wp-block-spacer\"><\/div>\n\n\n\n<h3 class=\"wp-block-heading\">Tivoli Marina Vilamoura 2018 Silvester-gala Im Kongresszentrum Der Algarve&nbsp;<\/h3>\n\n\n\n<p>Die Tivoli Marina Vilamoura 2018 Silvestergala fand im fantastischen Kongresszentrum der Algarve statt. Eine bemerkenswerte Veranstaltung mit exquisitem Essen, atemberaubenden Blicken auf den Ozean und den Yachthafen von Vilamoura, zusammen mit dem Konzert von Rui Veloso, die diesen Abend wirklich erlesen und unvergesslich machten.&nbsp;<\/p>\n\n\n\n<figure class=\"wp-block-embed is-type-video is-provider-youtube wp-block-embed-youtube wp-embed-aspect-16-9 wp-has-aspect-ratio\"><div class=\"wp-block-embed__wrapper\">\n<div class=\"youtube embed-container not-loaded is-type-video youtube\"><div class=\"video-placeholder\" style=\"background-image: url(https:\/\/img.youtube.com\/vi\/4GKPy1b0Ctk\/maxresdefault.jpg);\"><\/div><div class=\"iframe youtube-video\" title=\"2018 New Year&#039;s Eve Gala at Algarve Congress Centre\" data-iframe-src=\"4GKPy1b0Ctk\" data-iframe-origin=\"https:\/\/mail.centrocongressosalgarve.com\/de\/\" data-iframe-start=\"0\"><noscript><iframe loading=\"lazy\" class=\"youtube-video\" title=\"Youtube video\" width=\"640\" height=\"360\" src=\"https:\/\/www.youtube.com\/embed\/4GKPy1b0Ctk?modestbranding=1&#038;showinfo=0&#038;rel=0&#038;enablejsapi=1&#038;origin=https:\/\/mail.centrocongressosalgarve.com\/de\/\" webkitallowfullscreen mozallowfullscreen allowfullscreen> <\/iframe><\/noscript><\/div><\/div>\n<\/div><\/figure>\n","protected":false},"excerpt":{"rendered":"<p>Unserer Vorherigen Veranstaltungen Im R\u00fcckblick Tivoli Marina Vilamoura 2022 Silvester-gala Im Kongresszentrum Der Algarve Die besten Momente unseres unvergesslichen Silvesterabends am Meer, gefeiert im ger\u00e4umigen und einzigartigen F\u00e9nix-Saal des Kongresszentrums der Algarve in einem gastronomischen Marktformat, gefolgt von Live-Musik und einem beeindruckenden Feuerwerk von der Terrasse mit Meerblick. Resort &amp; Residential Hospitality Forum 2022 Die [&hellip;]<\/p>\n","protected":false},"author":2,"featured_media":3051,"parent":2101,"menu_order":0,"comment_status":"closed","ping_status":"closed","template":"","meta":{"_acf_changed":false,"om_disable_all_campaigns":false,"inline_featured_image":false,"footnotes":""},"class_list":["post-3488","page","type-page","status-publish","has-post-thumbnail","hentry","page-entry"],"acf":[],"aioseo_notices":[],"_links":{"self":[{"href":"https:\/\/mail.centrocongressosalgarve.com\/de\/wp-json\/wp\/v2\/pages\/3488","targetHints":{"allow":["GET"]}}],"collection":[{"href":"https:\/\/mail.centrocongressosalgarve.com\/de\/wp-json\/wp\/v2\/pages"}],"about":[{"href":"https:\/\/mail.centrocongressosalgarve.com\/de\/wp-json\/wp\/v2\/types\/page"}],"author":[{"embeddable":true,"href":"https:\/\/mail.centrocongressosalgarve.com\/de\/wp-json\/wp\/v2\/users\/2"}],"replies":[{"embeddable":true,"href":"https:\/\/mail.centrocongressosalgarve.com\/de\/wp-json\/wp\/v2\/comments?post=3488"}],"version-history":[{"count":2,"href":"https:\/\/mail.centrocongressosalgarve.com\/de\/wp-json\/wp\/v2\/pages\/3488\/revisions"}],"predecessor-version":[{"id":3498,"href":"https:\/\/mail.centrocongressosalgarve.com\/de\/wp-json\/wp\/v2\/pages\/3488\/revisions\/3498"}],"up":[{"embeddable":true,"href":"https:\/\/mail.centrocongressosalgarve.com\/de\/wp-json\/wp\/v2\/pages\/2101"}],"wp:featuredmedia":[{"embeddable":true,"href":"https:\/\/mail.centrocongressosalgarve.com\/de\/wp-json\/wp\/v2\/media\/3051"}],"wp:attachment":[{"href":"https:\/\/mail.centrocongressosalgarve.com\/de\/wp-json\/wp\/v2\/media?parent=3488"}],"curies":[{"name":"wp","href":"https:\/\/api.w.org\/{rel}","templated":true}]}}

<h2 class="wp-block-heading">Unserer Vorherigen Veranstaltungen Im Rückblick</h2>



<h3 class="wp-block-heading">Tivoli Marina Vilamoura 2022 Silvester-gala Im Kongresszentrum Der Algarve</h3>



<p>Die besten Momente unseres unvergesslichen Silvesterabends am Meer, gefeiert im geräumigen und einzigartigen Fénix-Saal des Kongresszentrums der Algarve in einem gastronomischen Marktformat, gefolgt von Live-Musik und einem beeindruckenden Feuerwerk von der Terrasse mit Meerblick.</p>



<figure class="wp-block-embed is-type-video is-provider-youtube wp-block-embed-youtube wp-embed-aspect-16-9 wp-has-aspect-ratio"><div class="wp-block-embed__wrapper">
<div class="youtube embed-container not-loaded is-type-video youtube"><div class="video-placeholder" style="background-image: url(https://img.youtube.com/vi/RRMhe6ZzIYg/maxresdefault.jpg);"></div><div class="iframe youtube-video" title="2022 New Year’s Eve at Tivoli Marina Vilamoura | Tivoli Hotels &amp; Resorts" data-iframe-src="RRMhe6ZzIYg" data-iframe-origin="https://mail.centrocongressosalgarve.com/de/" data-iframe-start="0"><noscript><iframe loading="lazy" class="youtube-video" title="Youtube video" width="640" height="360" src="https://www.youtube.com/embed/RRMhe6ZzIYg?modestbranding=1&#038;showinfo=0&#038;rel=0&#038;enablejsapi=1&#038;origin=https://mail.centrocongressosalgarve.com/de/" webkitallowfullscreen mozallowfullscreen allowfullscreen> </iframe></noscript></div></div>
</div></figure>



<div style="height:50px" aria-hidden="true" class="wp-block-spacer"></div>



<h3 class="wp-block-heading"><strong>Resort &amp; Residential Hospitality Forum 2022</strong></h3>



<p>Die besten Momente unseres unvergesslichen Silvesterabends am Meer, gefeiert im geräumigen und einzigartigen Fénix-Saal des Kongresszentrums der Algarve in einem gastronomischen Marktformat, gefolgt von Live-Musik und einem beeindruckenden Feuerwerk von der Terrasse mit Meerblick.</p>



<figure class="wp-block-embed is-type-video is-provider-youtube wp-block-embed-youtube wp-embed-aspect-16-9 wp-has-aspect-ratio"><div class="wp-block-embed__wrapper">
<div class="youtube embed-container not-loaded is-type-video youtube"><div class="video-placeholder" style="background-image: url(https://img.youtube.com/vi/5VO_bjrBPx8/maxresdefault.jpg);"></div><div class="iframe youtube-video" title="R&amp;R Event Promo for 2022" data-iframe-src="5VO_bjrBPx8" data-iframe-origin="https://mail.centrocongressosalgarve.com/de/" data-iframe-start="0"><noscript><iframe loading="lazy" class="youtube-video" title="Youtube video" width="640" height="360" src="https://www.youtube.com/embed/5VO_bjrBPx8?modestbranding=1&#038;showinfo=0&#038;rel=0&#038;enablejsapi=1&#038;origin=https://mail.centrocongressosalgarve.com/de/" webkitallowfullscreen mozallowfullscreen allowfullscreen> </iframe></noscript></div></div>
</div></figure>



<div style="height:50px" aria-hidden="true" class="wp-block-spacer"></div>



<h3 class="wp-block-heading">Einrichtung Des Tagungssaals Fénix | Rückblick</h3>



<p>Schritt für Schritt werden die Vorbereitungen für eine weitere denkwürdige Veranstaltung in unserem Fénix-Saal getroffen.</p>



<figure class="wp-block-embed is-type-video is-provider-youtube wp-block-embed-youtube wp-embed-aspect-16-9 wp-has-aspect-ratio"><div class="wp-block-embed__wrapper">
<div class="youtube embed-container not-loaded is-type-video youtube"><div class="video-placeholder" style="background-image: url(https://img.youtube.com/vi/egVVoeL4OU0/maxresdefault.jpg);"></div><div class="iframe youtube-video" title="FÉNIX ROOM SET UP | Algarve Congress Centre" data-iframe-src="egVVoeL4OU0" data-iframe-origin="https://mail.centrocongressosalgarve.com/de/" data-iframe-start="0"><noscript><iframe loading="lazy" class="youtube-video" title="Youtube video" width="640" height="360" src="https://www.youtube.com/embed/egVVoeL4OU0?modestbranding=1&#038;showinfo=0&#038;rel=0&#038;enablejsapi=1&#038;origin=https://mail.centrocongressosalgarve.com/de/" webkitallowfullscreen mozallowfullscreen allowfullscreen> </iframe></noscript></div></div>
</div></figure>



<div style="height:50px" aria-hidden="true" class="wp-block-spacer"></div>



<h3 class="wp-block-heading">Resort &amp; Residential Hospitality Forum 2021&nbsp;</h3>



<p>Im Oktober 2021 waren wir Gastgeber der internationalen Konferenz Resort &amp; Residential Hospitality Forum, die Investoren und einflussreiche, führende Redner aus allen Bereichen der Immobilieninvestitionen, des Tourismus und des Gastgewerbes zusammenbrachte, die diese Veranstaltung zu einer einzigartigen, informativen und innovativen Bildungserfahrung für alle Teilnehmer machten. Es war eine fantastische Möglichkeit, gemeinsam zurückzukehren.&nbsp;</p>



<figure class="wp-block-embed is-type-video is-provider-vimeo wp-block-embed-vimeo wp-embed-aspect-16-9 wp-has-aspect-ratio"><div class="wp-block-embed__wrapper">
<iframe loading="lazy" title="R&amp;R 2021" src="https://player.vimeo.com/video/639482791?h=79b713507e&amp;dnt=1&amp;app_id=122963" width="640" height="360" frameborder="0" allow="autoplay; fullscreen; picture-in-picture; clipboard-write"></iframe>
</div></figure>



<div style="height:50px" aria-hidden="true" class="wp-block-spacer"></div>



<h3 class="wp-block-heading">Auf Dem Dach Des Kongresszentrums Der Algarve &#8211; Live On The Bright Side&nbsp;</h3>



<p>Während der Pandemie schuf Tivoli Hotels &amp; Resorts die Veranstaltung Live On the Bright Side, eine Online-Sonnenuntergangsparty, bei der DJs und Bands direkt von den Dächern des Tivoli Carvoeiro und des Algarve Kongresszentrums gute Sommerstimmung verbreiteten.&nbsp;</p>



<figure class="wp-block-embed is-type-video is-provider-youtube wp-block-embed-youtube wp-embed-aspect-16-9 wp-has-aspect-ratio"><div class="wp-block-embed__wrapper">
<div class="youtube embed-container not-loaded is-type-video youtube"><div class="video-placeholder" style="background-image: url(https://img.youtube.com/vi/NeBx1_dZgGc/maxresdefault.jpg);"></div><div class="iframe youtube-video" title="Live on the Bright Side | Tivoli Carvoeiro and Algarve Congress Centre Rooftops" data-iframe-src="NeBx1_dZgGc" data-iframe-origin="https://mail.centrocongressosalgarve.com/de/" data-iframe-start="19"><noscript><iframe loading="lazy" class="youtube-video" title="Youtube video" width="640" height="360" src="https://www.youtube.com/embed/NeBx1_dZgGc?start=19&#038;modestbranding=1&#038;showinfo=0&#038;rel=0&#038;enablejsapi=1&#038;origin=https://mail.centrocongressosalgarve.com/de/" webkitallowfullscreen mozallowfullscreen allowfullscreen> </iframe></noscript></div></div>
</div></figure>



<div style="height:50px" aria-hidden="true" class="wp-block-spacer"></div>



<h3 class="wp-block-heading">Tivoli Marina Vilamoura 2019 Silvester-gala Im Kongresszentrum Der Algarve</h3>



<p>Die funkelnden Lichter des Yachthafens und das Lebensgefühl am Meer gaben den Ton für einen außergewöhnlichen Abend im Tivoli Marina Vilamoura an. Die Silvestergala 2019 war ein atemberaubendes Ereignis im unglaublichen Kongresszentrum der Algarve, mit einem aufregenden Konzert mit José Cid, köstlichen Aromen und einem einzigartigen Blick auf den Atlantik und den ikonischen Yachthafen von Vilamoura.&nbsp;</p>



<figure class="wp-block-embed is-type-video is-provider-youtube wp-block-embed-youtube wp-embed-aspect-16-9 wp-has-aspect-ratio"><div class="wp-block-embed__wrapper">
<div class="youtube embed-container not-loaded is-type-video youtube"><div class="video-placeholder" style="background-image: url(https://img.youtube.com/vi/RwdxNZhrls4/maxresdefault.jpg);"></div><div class="iframe youtube-video" title="2019 New Year’s Eve Gala at Algarve Congress Centre" data-iframe-src="RwdxNZhrls4" data-iframe-origin="https://mail.centrocongressosalgarve.com/de/" data-iframe-start="0"><noscript><iframe loading="lazy" class="youtube-video" title="Youtube video" width="640" height="360" src="https://www.youtube.com/embed/RwdxNZhrls4?modestbranding=1&#038;showinfo=0&#038;rel=0&#038;enablejsapi=1&#038;origin=https://mail.centrocongressosalgarve.com/de/" webkitallowfullscreen mozallowfullscreen allowfullscreen> </iframe></noscript></div></div>
</div></figure>



<div style="height:50px" aria-hidden="true" class="wp-block-spacer"></div>



<h3 class="wp-block-heading">Tivoli Marina Vilamoura 2018 Silvester-gala Im Kongresszentrum Der Algarve&nbsp;</h3>



<p>Die Tivoli Marina Vilamoura 2018 Silvestergala fand im fantastischen Kongresszentrum der Algarve statt. Eine bemerkenswerte Veranstaltung mit exquisitem Essen, atemberaubenden Blicken auf den Ozean und den Yachthafen von Vilamoura, zusammen mit dem Konzert von Rui Veloso, die diesen Abend wirklich erlesen und unvergesslich machten.&nbsp;</p>



<figure class="wp-block-embed is-type-video is-provider-youtube wp-block-embed-youtube wp-embed-aspect-16-9 wp-has-aspect-ratio"><div class="wp-block-embed__wrapper">
<div class="youtube embed-container not-loaded is-type-video youtube"><div class="video-placeholder" style="background-image: url(https://img.youtube.com/vi/4GKPy1b0Ctk/maxresdefault.jpg);"></div><div class="iframe youtube-video" title="2018 New Year&#039;s Eve Gala at Algarve Congress Centre" data-iframe-src="4GKPy1b0Ctk" data-iframe-origin="https://mail.centrocongressosalgarve.com/de/" data-iframe-start="0"><noscript><iframe loading="lazy" class="youtube-video" title="Youtube video" width="640" height="360" src="https://www.youtube.com/embed/4GKPy1b0Ctk?modestbranding=1&#038;showinfo=0&#038;rel=0&#038;enablejsapi=1&#038;origin=https://mail.centrocongressosalgarve.com/de/" webkitallowfullscreen mozallowfullscreen allowfullscreen> </iframe></noscript></div></div>
</div></figure>

<p>Unserer Vorherigen Veranstaltungen Im Rückblick Tivoli Marina Vilamoura 2022 Silvester-gala Im Kongresszentrum Der Algarve Die besten Momente unseres unvergesslichen Silvesterabends am Meer, gefeiert im geräumigen und einzigartigen Fénix-Saal des Kongresszentrums der Algarve in einem gastronomischen Marktformat, gefolgt von Live-Musik und einem beeindruckenden Feuerwerk von der Terrasse mit Meerblick. Resort &amp; Residential Hospitality Forum 2022 Die [&hellip;]</p>
