{"id":2105,"date":"2018-12-10T14:45:22","date_gmt":"2018-12-10T14:45:22","guid":{"rendered":"https:\/\/www.centrocongressosalgarve.com\/eventos-sociais\/espetaculos-estreias\/"},"modified":"2019-03-20T10:22:45","modified_gmt":"2019-03-20T10:22:45","slug":"espetaculos-estreias","status":"publish","type":"page","link":"https:\/\/mail.centrocongressosalgarve.com\/de\/eventos-sociais\/espetaculos-estreias\/","title":{"rendered":"Shows und Premieren"},"content":{"rendered":"\n<p> Mit mehreren anpassungsf\u00e4higen R\u00e4umen mit neutraler Ausstattung und einer Kapazit\u00e4t von bis zu 3000 Personen ist das Kongresszentrum in der Algarve technisch auf Theaterst\u00fccke, Musikveranstaltungen und Filmpremien vorbereitet.<\/p>\n","protected":false},"excerpt":{"rendered":"<p>Mit mehreren anpassungsf\u00e4higen R\u00e4umen mit neutraler Ausstattung und einer Kapazit\u00e4t von bis zu 3000 Personen ist das Kongresszentrum in der Algarve technisch auf Theaterst\u00fccke, Musikveranstaltungen und Filmpremien vorbereitet.<\/p>\n","protected":false},"author":2,"featured_media":1673,"parent":2101,"menu_order":0,"comment_status":"closed","ping_status":"closed","template":"templates\/social-events-child.php","meta":{"_acf_changed":false,"om_disable_all_campaigns":false,"inline_featured_image":false,"footnotes":""},"class_list":["post-2105","page","type-page","status-publish","has-post-thumbnail","hentry","page-entry"],"acf":[],"aioseo_notices":[],"_links":{"self":[{"href":"https:\/\/mail.centrocongressosalgarve.com\/de\/wp-json\/wp\/v2\/pages\/2105","targetHints":{"allow":["GET"]}}],"collection":[{"href":"https:\/\/mail.centrocongressosalgarve.com\/de\/wp-json\/wp\/v2\/pages"}],"about":[{"href":"https:\/\/mail.centrocongressosalgarve.com\/de\/wp-json\/wp\/v2\/types\/page"}],"author":[{"embeddable":true,"href":"https:\/\/mail.centrocongressosalgarve.com\/de\/wp-json\/wp\/v2\/users\/2"}],"replies":[{"embeddable":true,"href":"https:\/\/mail.centrocongressosalgarve.com\/de\/wp-json\/wp\/v2\/comments?post=2105"}],"version-history":[{"count":3,"href":"https:\/\/mail.centrocongressosalgarve.com\/de\/wp-json\/wp\/v2\/pages\/2105\/revisions"}],"predecessor-version":[{"id":2482,"href":"https:\/\/mail.centrocongressosalgarve.com\/de\/wp-json\/wp\/v2\/pages\/2105\/revisions\/2482"}],"up":[{"embeddable":true,"href":"https:\/\/mail.centrocongressosalgarve.com\/de\/wp-json\/wp\/v2\/pages\/2101"}],"wp:featuredmedia":[{"embeddable":true,"href":"https:\/\/mail.centrocongressosalgarve.com\/de\/wp-json\/wp\/v2\/media\/1673"}],"wp:attachment":[{"href":"https:\/\/mail.centrocongressosalgarve.com\/de\/wp-json\/wp\/v2\/media?parent=2105"}],"curies":[{"name":"wp","href":"https:\/\/api.w.org\/{rel}","templated":true}]}}

<p> Mit mehreren anpassungsfähigen Räumen mit neutraler Ausstattung und einer Kapazität von bis zu 3000 Personen ist das Kongresszentrum in der Algarve technisch auf Theaterstücke, Musikveranstaltungen und Filmpremien vorbereitet.</p>

<p>Mit mehreren anpassungsfähigen Räumen mit neutraler Ausstattung und einer Kapazität von bis zu 3000 Personen ist das Kongresszentrum in der Algarve technisch auf Theaterstücke, Musikveranstaltungen und Filmpremien vorbereitet.</p>
